-2)?
3, 23291
Let r be 245/(-35)*(-2)/2. What are the prime factors of (6/2)/1 + (811 - r)?
3, 269
Suppose -30*d = 3*d - 363. Suppose d*q + 3*a = 6*q + 5840, -4*a = 0. What are the prime factors of q?
2, 73
Let d(r) = r + 38. Let y be d(-34). Suppose -5*l + 1750 = 4*u, -2*u - 1406 = -4*l - y*u. List the prime factors of l.
2, 3, 59
Let b(z) = -z + 277. Let s be b(33). Suppose 25*i - 8381 - s = 0. What are the prime factors of i?
3, 5, 23
Suppose 21*c - 10*c = 44. Suppose 3*a + c*j - 7*j - 1608 = 0, 3 = j. What are the prime factors of a?
7, 11
Let v(p) = 416*p**2 + 1. Suppose 7*l = 60*l - 106. What are the prime factors of v(l)?
3, 5, 37
Suppose 0 = 5*a + 5*l - 137700, -a = -0*a + 4*l - 27546. List the prime factors of a.
2, 7, 281
Let w be 290/29*(-2)/(-4). Suppose -2*k = k. Suppose -4*s + 20 = k, -128 + 30 = -3*o + w*s. What are the prime factors of o?
41
Suppose 0 = 3*v - z - 24618, 0 = 3*v - 74*z + 69*z - 24618. What are the prime factors of v?
2, 11, 373
Let d(m) be the third derivative of -m**6/120 + 5*m**5/12 - 43*m**4/24 + 7*m**3/2 - 5*m**2 + m. What are the prime factors of d(23)?
2, 3, 5
Let z be 21/(-28)*24/9. List the prime factors of (z/((-42)/4193))/((-1)/(-3)).
599
Suppose -5*x + 1390 = 2*b, 36*b + 860 = 3*x + 32*b. Let l = x - 216. List the prime factors of l.
2
Suppose -2*u + 2*s = -0*s - 346, 5*u + 3*s = 873. Suppose u = 4*k - 262. What are the prime factors of k?
109
Let i be ((-8)/(-10))/((-34)/(-32895)). Suppose i = 7*l - 5*l. Suppose 0*t - 3*t = -l. List the prime factors of t.
3, 43
Suppose 39085 + 5204 = 19*y. Let b = -851 + y. List the prime factors of b.
2, 5, 37
Let u be (-28)/168 + 38/12. Suppose 172 = -u*v + 1081. List the prime factors of v.
3, 101
Suppose 77*q - 67*q - 532 - 798 = 0. What are the prime factors of q?
7, 19
Let q(w) = 385*w + 24. Let n(z) = -773*z - 47. Let p(d) = 6*n(d) + 11*q(d). What are the prime factors of p(-1)?
5, 7, 11
Let c = -68 + 62. Let g(n) = n**2 + 5*n - 9. Let m be g(c). List the prime factors of (3 - m/(-3) - 1)*22.
2, 11
Let j = -8806 + 16338. List the prime factors of j.
2, 7, 269
Let r be (-17)/85*(2 + -2). Let m be (-2 + -4)*50/(-4). Suppose 2*u - 49 - m = r. What are the prime factors of u?
2, 31
Suppose -6244127 = 100*i - 351*i. List the prime factors of i.
24877
Let t(g) = 10*g**2 - 30*g - 115. Let p be t(27). Suppose -254*l = -259*l + p. What are the prime factors of l?
19, 67
Suppose 3*v = 4*u - 0*v - 1, 2*u - 18 = -2*v. Suppose 0 = -4*y + u*j + 40, -4*y + 26 + 50 = 5*j. What are the prime factors of y?
2, 7
Suppose 28 = 4*g - 2*y, 4*g - 4*y + 35 = 9*g. List the prime factors of (15 + (g - 14))*(0 + 119).
2, 7, 17
Suppose -4*m + 0*m - 3*g - 37 = 0, 5*m + 46 = -4*g. Let d = m + -11. Let z = 62 - d. What are the prime factors of z?
83
Let b(v) be the second derivative of v**5/20 - 13*v**4/12 - 3*v**3/2 + v**2 - 7*v. Let r be b(12). Let u = 523 + r. What are the prime factors of u?
3, 7, 13
Let n be (-21*(-9)/(-27))/(2/(-4)). Suppose -n*d - d + 14700 = 0. List the prime factors of d.
2, 5, 7
Let f(c) = 63*c**2 + 8*c + 37. Let i(n) = -21*n**2 - 3*n - 12. Let y(b) = -2*f(b) - 7*i(b). Let m = 3 - 6. List the prime factors of y(m).
2, 23
Let q be 2550/9 - 8/(-12). Let c = q - 11. List the prime factors of c.
3, 7, 13
Suppose 71*d = 257264 + 351845. What are the prime factors of d?
23, 373
Let b = -297 + 504. Suppose -2*r - b = -q - 0*r, 1035 = 5*q + 5*r. List the prime factors of q.
3, 23
Let k be 51 - (-1 - -13)/6. Let a = 128 + k. List the prime factors of a.
3, 59
Suppose 0 = 204*h + 1966258 - 3434012 - 2950070. List the prime factors of h.
2, 2707
What are the prime factors of ((-2)/6)/((1/588)/(606/(-24)))?
7, 101
Suppose -20 = 126*k - 128*k. Suppose n - 25 = -5*f, -6*f = n - 4*f - k. Suppose 6*u + 0*u - 354 = n. What are the prime factors of u?
59
Suppose -y - 17 = 3*y - 5*v, -v - 3 = 0. What are the prime factors of 119/17 + y/2?
3
Let g(m) = 32*m + 100. Suppose 2*i - 17 = y, 10*y + 4 = i + 5*y. What are the prime factors of g(i)?
2, 97
Suppose 7*k - p = 5*k + 28744, -4*k - 3*p = -57518. List the prime factors of k.
5, 23
Suppose -18409 = -3*j + 26933. Suppose -41382 = -48*z + j. List the prime factors of z.
11, 107
Let b = -51 - -57. Suppose -2*l = 2*h - 11140, l = b*l + h - 27830. List the prime factors of 10/((-532)/l + 4/30).
5, 53
Suppose 155*d = 159*d - 12. Suppose -c + 15 = -3*l - 4*c, -2*c - 10 = 0. Suppose l = d*m + m - 616. What are the prime factors of m?
2, 7, 11
Suppose -30*r + 29*r + 4*q + 35356 = 0, -2*r + 70708 = -4*q. List the prime factors of r.
2, 3, 491
Suppose 32 = 4*q + 152. Let d = -26 - q. Suppose 9*f = -4*c + d*f + 499, -3*f = c - 123. What are the prime factors of c?
2, 3, 7
Let w(u) = 8806*u**3 - u**2 + 111*u - 111. List the prime factors of w(1).
3, 5, 587
Let r be (-561)/(-77) - 2/7. Suppose -5*s = -2*j - 2265, 10*j - r*j = -15. What are the prime factors of s?
11, 41
Let c(y) = y**2 + 6*y - 1. Let k = 18 - 23. Let p be c(k). What are the prime factors of (-316)/(-12) - (-2)/p?
2, 13
Let f(c) = 33*c**2 - 19*c + 24. List the prime factors of f(-11).
2, 2113
Let q(m) be the second derivative of -4*m**2 - 10/3*m**3 + 19*m + 0. List the prime factors of q(-6).
2, 7
Let y(x) be the first derivative of -9*x**5/10 + x**4/12 - x**2 + 7*x + 13. Let i(w) be the first derivative of y(w). List the prime factors of i(-1).
17
Let q = 5061 - 1977. Suppose 3301 + q = 5*v. List the prime factors of v.
1277
Suppose 0 = -242*z + 317*z - 3250425. List the prime factors of z.
19, 2281
Let r(u) = 15*u**2 + 9*u - 43. Let m be r(8). Let q = -479 + m. List the prime factors of q.
2, 3, 5, 17
Suppose -31*r + 828 = -8*r. Let o = r - -127. What are the prime factors of o?
163
Suppose -33*p + 1544 = -35*p. Let j be -3*(3 + p/(-12)). What are the prime factors of j/8*(18 + -22)?
101
Suppose -367*r + 336*r = -1131779. What are the prime factors of r?
11, 3319
Let y(q) = 2*q - 19. Let z(g) = 3*g - 28. Let x(w) = -7*y(w) + 5*z(w). Let l be x(-2). List the prime factors of (210/l)/(-2)*6.
2, 5, 7
Let z = 168 + -165. Suppose -5*u = -4*i + 21 + 28, -z*u - 25 = -2*i. What are the prime factors of i?
11
Suppose -8*h + 6*h - 8 = 0, 2*h - 160 = 2*u. Let g = u + 152. Suppose 72*d = g*d + 260. List the prime factors of d.
5, 13
Let k be 3/9 + (-152988)/(-36). Suppose -24*b + k + 10870 = 0. What are the prime factors of b?
2, 3, 5, 7
Suppose -3*a = -3*m - 7*a + 10, -5*m + 2*a + 60 = 0. What are the prime factors of (-4)/((-8)/(-6)) - (m - 371)?
2, 179
Suppose -5*i = -3*i + 82. Let j = i - -46. Suppose 0 = 3*v - j*r - 238, 0 = 4*v - v + 4*r - 193. What are the prime factors of v?
71
Suppose -3*f - 4*s + 5943 = -s, -2*f - 3*s = -3967. What are the prime factors of f?
2, 13, 19
Let l be 2/3 - 507/(-117). Suppose 6615 = l*n + 2*n. List the prime factors of n.
3, 5, 7
Let g(v) = 6*v**2 - 8*v + 23. Let r(c) = c**2 - 8*c - 59. Let j be r(-5). What are the prime factors of g(j)?
191
Suppose 4*c - 5*q = -1760, 3*c - 2*q + 1320 = 2*q. Let k = c + 1155. List the prime factors of k.
5, 11, 13
Let r(l) = 65190*l - 394. What are the prime factors of r(1)?
2, 97, 167
Let w be 15/(-2) + 4/8. Suppose 4*c + 12 = -0. List the prime factors of c/w + (-726)/(-21).
5, 7
Let f = -4417 + 14328. What are the prime factors of f?
11, 17, 53
Suppose 3*a + 5*g - 2818 = 0, 0 = -5*a - 2*g - 0*g + 4665. Let u = a + -352. Suppose -f + u = q + 3*q, 0 = 2*q + 4*f - 272. What are the prime factors of q?
2, 73
Let h(o) = o**3 - o**2 + o - 1. Let g(n) = 5*n**3 - 28*n**2 + 27*n + 25. Let u(t) = -g(t) + 4*h(t). List the prime factors of u(21).
811
Let n be -1 - 1 - (-2 + -16). Let y be (-3)/(-9) + n/6. Suppose -y + 15 = k. List the prime factors of k.
2, 3
Let d = 23 + -21. Suppose -d*z + 174 = 5*k, z + 373 = 6*z - 3*k. List the prime factors of z.
7, 11
Suppose 55 = 4*r + 35. Suppose r*z = -0*z + 1885. List the prime factors of z.
13, 29
Let j(k) = 3423*k + 237. List the prime factors of j(3).
2, 3, 17, 103
Suppose -258*u = -240*u - 36. Let a(p) = -p. Let x be a(0). Suppose 110 = u*k + 6*w - 4*w, 4*k - 2*w - 202 = x. List the prime factors of k.
2, 13
Let m = -6614 + 10616. What are the prime factors of m?
2, 3, 23, 29
Let c(a) = 37*a**2 + 3*a - 179. What are the prime factors of c(-11)?
5, 853
Let p = 255 + -175. Let g 